{"id":539,"date":"2013-11-19T10:38:41","date_gmt":"2013-11-19T09:38:41","guid":{"rendered":"http:\/\/www.jeshua.fr\/?page_id=539"},"modified":"2022-09-17T16:30:48","modified_gmt":"2022-09-17T15:30:48","slug":"liens","status":"publish","type":"page","link":"https:\/\/www.jeshua.fr\/?page_id=539","title":{"rendered":"Liens"},"content":{"rendered":"<h6>Il y a une quantit\u00e9 ph\u00e9nom\u00e9nale de sites chr\u00e9tiens sur le Web. Certains sont \u00e0 fuir comme la peste. D&rsquo;autres sont int\u00e9ressants mais p\u00eachent parfois par des prises de position \u00e9tranges. Je suis tomb\u00e9 sur des sites soi-disant chr\u00e9tiens mais dont le contenu est carr\u00e9ment satanique. D&rsquo;autres enfin sont de vrais sites chr\u00e9tiens o\u00f9 l&rsquo;ont peut y trouver une nourriture spirituelle digne de ce nom. Voici ma s\u00e9lection choisie :<\/h6>\n<p><a title=\"Un de mes sites pr\u00e9f\u00e9r\u00e9s\" href=\"http:\/\/bloghvm.wordpress.com\/\" target=\"_blank\" rel=\"noopener\">Le Blog de Henri Viaud-Murat<\/a><\/p>\n<p><a title=\"Des sujets importants pour approfondir sa foi \" href=\"http:\/\/theonoptie.com\/\" target=\"_blank\" rel=\"noopener\">Theonoptie<\/a><\/p>\n<p><a title=\"Histoire des r\u00e9veils\" href=\"http:\/\/reveille-toi.net\/wordpress\/\" target=\"_blank\" rel=\"noopener\">Reveille-toi<\/a><\/p>\n<p><a title=\"Juifs messianiques\" href=\"http:\/\/www.cherubins.com\/\" target=\"_blank\" rel=\"noopener\">Cherubins<\/a><\/p>\n<p><a title=\"Lexiques h\u00e9breu et grec\" href=\"http:\/\/www.lueur.org\/\" target=\"_blank\" rel=\"noopener\">Lueur<\/a><\/p>\n<p><a title=\"Centre de ressources bibliques\" href=\"http:\/\/www.croixsens.net\/index.php\" target=\"_blank\" rel=\"noopener\">Croixsens<\/a><\/p>\n<p><a title=\"\u00c0 ceux qui recherchent la Seigneurie de J\u00e9sus-Christ en toutes choses \" href=\"http:\/\/demeurerenjesus.com\/\" target=\"_blank\" rel=\"noopener\">Demeurer en J\u00e9sus<\/a><\/p>\n<p><a href=\"http:\/\/www.disciples-de-christ.org\/fr\/\" target=\"_blank\" rel=\"noopener\">Disciples de Christ<\/a><\/p>\n<p><a title=\"Les signes de son retour sont l\u00e0\" href=\"http:\/\/gloireadieu.fr\/\" target=\"_blank\" rel=\"noopener\">Gloire \u00e0 Dieu<\/a><\/p>\n<p><a href=\"http:\/\/www.levangile.com\/\" target=\"_blank\" rel=\"noopener\">Levangile.com<\/a><\/p>\n<p><a title=\"Ils examinaient les \u00c9critures, pour voir si ce qu\u2019on leur disait \u00e9tait exact\" href=\"http:\/\/letempledejesuschrist.wordpress.com\/\" target=\"_blank\" rel=\"noopener\">Le temple de J\u00e9sus-Christ<\/a><\/p>\n<p><a href=\"http:\/\/www.amourdelaverite.com\/index.shtml\" target=\"_blank\" rel=\"noopener\">L&rsquo;amour de la v\u00e9rit\u00e9<\/a><\/p>\n<p><a href=\"http:\/\/livre-de-l-apocalypse.blogspot.fr\/\" target=\"_blank\" rel=\"noopener\">Livre de l&rsquo;Apocalypse<\/a><\/p>\n<p><a href=\"http:\/\/www.enseignements-bibliques-jmthobois.com\/enseignements-jean-marc-thobois.html\">Enseignements de Jean-Marc Thobois<\/a><\/p>\n","protected":false},"excerpt":{"rendered":"<p>Il y a une quantit\u00e9 ph\u00e9nom\u00e9nale de sites chr\u00e9tiens sur le Web. Certains sont \u00e0 fuir comme la peste. D&rsquo;autres sont int\u00e9ressants mais p\u00eachent parfois par des prises de position \u00e9tranges. Je suis tomb\u00e9 sur des sites soi-disant chr\u00e9tiens mais dont le contenu est carr\u00e9ment satanique. D&rsquo;autres enfin sont de vrais sites chr\u00e9tiens o\u00f9 l&rsquo;ont [&hellip;]<\/p>\n","protected":false},"author":2,"featured_media":0,"parent":0,"menu_order":0,"comment_status":"closed","ping_status":"open","template":"","meta":[],"aioseo_notices":[],"_links":{"self":[{"href":"https:\/\/www.jeshua.fr\/index.php?rest_route=\/wp\/v2\/pages\/539"}],"collection":[{"href":"https:\/\/www.jeshua.fr\/index.php?rest_route=\/wp\/v2\/pages"}],"about":[{"href":"https:\/\/www.jeshua.fr\/index.php?rest_route=\/wp\/v2\/types\/page"}],"author":[{"embeddable":true,"href":"https:\/\/www.jeshua.fr\/index.php?rest_route=\/wp\/v2\/users\/2"}],"replies":[{"embeddable":true,"href":"https:\/\/www.jeshua.fr\/index.php?rest_route=%2Fwp%2Fv2%2Fcomments&post=539"}],"version-history":[{"count":1,"href":"https:\/\/www.jeshua.fr\/index.php?rest_route=\/wp\/v2\/pages\/539\/revisions"}],"predecessor-version":[{"id":1411,"href":"https:\/\/www.jeshua.fr\/index.php?rest_route=\/wp\/v2\/pages\/539\/revisions\/1411"}],"wp:attachment":[{"href":"https:\/\/www.jeshua.fr\/index.php?rest_route=%2Fwp%2Fv2%2Fmedia&parent=539"}],"curies":[{"name":"wp","href":"https:\/\/api.w.org\/{rel}","templated":true}]}}